{"id":179,"date":"2020-02-15T12:12:15","date_gmt":"2020-02-15T11:12:15","guid":{"rendered":"https:\/\/blueheauf.de\/?page_id=179"},"modified":"2024-03-05T16:37:44","modified_gmt":"2024-03-05T15:37:44","slug":"impressum","status":"publish","type":"page","link":"https:\/\/blueheauf.de\/?page_id=179","title":{"rendered":"Impressum"},"content":{"rendered":"<p><strong>Anschrift:<\/strong><\/p>\n<p>Kleing\u00e4rtnerverein &#8222;Bl\u00fche auf&#8220; e.V.<br \/>\nFeldstr. 30a<br \/>\n38226 Salzgitter<\/p>\n<p>Gerichtsstand: Salzgitter<\/p>\n<p>B\u00fcrozeiten:<\/p>\n<p><strong>So k\u00f6nnen Sie uns erreichen:<\/strong><\/p>\n<p>E-Mail: <strong>Stefandora@web.de<\/strong><br \/>\n\u00dcber die Vereinsgastst\u00e4tte<b><br \/>\n<\/b><b><br \/>\n<\/b><\/p>\n<table border=\"0\">\n<tbody>\n<tr>\n<td>1. Vorsitzender:<\/td>\n<td>Stefan Dora<\/td>\n<td><\/td>\n<\/tr>\n<tr>\n<td>2. Vorsitzender<\/td>\n<td>Dieter Weinert<\/td>\n<td><\/td>\n<\/tr>\n<tr>\n<td>1. Kassierer<\/td>\n<td>Ali Ivg\u00fcn<\/td>\n<td><\/td>\n<\/tr>\n<tr>\n<td>1. Schriftf\u00fchrerin<\/td>\n<td>Rebecca Dora<\/td>\n<td><\/td>\n<\/tr>\n<tr>\n<td>Fachberater<\/td>\n<td>Lutz-Peter Prahl<\/td>\n<td><\/td>\n<\/tr>\n<\/tbody>\n<\/table>\n<p><strong>Haftungs- und Gew\u00e4hrleistungsausschlu\u00df<\/strong><\/p>\n<p>Die Richtigkeit, Vollst\u00e4ndigkeit und Aktualit\u00e4t der Inhalte dieser Webseite, kann durch uns nicht garantiert werden. Fehler und Irrt\u00fcmer k\u00f6nnen trotz aller Sorgfalt vorkommen.<\/p>\n<p><strong>Bildnachweise und Copyright Informationen:<\/strong><\/p>\n<p>Bei allen Bildern liegt das Copyright beim Kleing\u00e4rtnerverein &#8222;Bl\u00fche auf&#8220; e.V. . Bilder, komplette oder teilweise Textpassagen d\u00fcrfen ohne eine schriftliche Einverst\u00e4ndniserkl\u00e4rung nicht kopiert oder benutzt werden.<\/p>\n","protected":false},"excerpt":{"rendered":"<p>Anschrift: Kleing\u00e4rtnerverein &#8222;Bl\u00fche auf&#8220; e.V. Feldstr. 30a 38226 Salzgitter Gerichtsstand: Salzgitter B\u00fcrozeiten: So k\u00f6nnen Sie uns erreichen: E-Mail: Stefandora@web.de \u00dcber die Vereinsgastst\u00e4tte 1. Vorsitzender: Stefan Dora 2. Vorsitzender Dieter Weinert 1. Kassierer Ali Ivg\u00fcn&#46;&#46;&#46;<\/p>\n","protected":false},"author":3,"featured_media":0,"parent":0,"menu_order":0,"comment_status":"closed","ping_status":"closed","template":"","meta":{"_lmt_disableupdate":"no","_lmt_disable":"","footnotes":""},"class_list":["post-179","page","type-page","status-publish","hentry"],"_links":{"self":[{"href":"https:\/\/blueheauf.de\/index.php?rest_route=\/wp\/v2\/pages\/179","targetHints":{"allow":["GET"]}}],"collection":[{"href":"https:\/\/blueheauf.de\/index.php?rest_route=\/wp\/v2\/pages"}],"about":[{"href":"https:\/\/blueheauf.de\/index.php?rest_route=\/wp\/v2\/types\/page"}],"author":[{"embeddable":true,"href":"https:\/\/blueheauf.de\/index.php?rest_route=\/wp\/v2\/users\/3"}],"replies":[{"embeddable":true,"href":"https:\/\/blueheauf.de\/index.php?rest_route=%2Fwp%2Fv2%2Fcomments&post=179"}],"version-history":[{"count":9,"href":"https:\/\/blueheauf.de\/index.php?rest_route=\/wp\/v2\/pages\/179\/revisions"}],"predecessor-version":[{"id":1186,"href":"https:\/\/blueheauf.de\/index.php?rest_route=\/wp\/v2\/pages\/179\/revisions\/1186"}],"wp:attachment":[{"href":"https:\/\/blueheauf.de\/index.php?rest_route=%2Fwp%2Fv2%2Fmedia&parent=179"}],"curies":[{"name":"wp","href":"https:\/\/api.w.org\/{rel}","templated":true}]}}